3, 73, 159073
List the prime factors of 236739372.
2, 3, 19728281
List the prime factors of 2238308572.
2, 23, 41, 593401
List the prime factors of 646831156.
2, 161707789
List the prime factors of 1279506951.
3, 23, 2309, 2677
What are the prime factors of 38535030?
2, 3, 5, 428167
What are the prime factors of 2801706237?
3, 11, 19, 43, 47, 67
What are the prime factors of 148164176?
2, 2633, 3517
What are the prime factors of 6580667762?
2, 29, 491, 231079
List the prime factors of 898132898.
2, 13, 3407, 10139
What are the prime factors of 233664175?
5, 67, 139501
What are the prime factors of 87196522?
2, 7, 233, 26731
What are the prime factors of 5247457182?
2, 3, 11, 109063
What are the prime factors of 662695178?
2, 2351, 140939
List the prime factors of 521301578.
2, 7, 23, 1063, 1523
What are the prime factors of 2340858475?
5, 93634339
List the prime factors of 108201098.
2, 31, 37, 101, 467
What are the prime factors of 4072373758?
2, 1087, 1873217
List the prime factors of 464386574.
2, 232193287
List the prime factors of 73494447.
3, 13, 61, 30893
List the prime factors of 5051779445.
5, 227, 1049, 4243
What are the prime factors of 5053173062?
2, 7, 911, 396203
List the prime factors of 2578860811.
2578860811
What are the prime factors of 247408838?
2, 23, 149, 36097
List the prime factors of 763194466.
2, 7417, 51449
What are the prime factors of 211528376?
2, 31, 852937
What are the prime factors of 79742738?
2, 47, 61, 13907
List the prime factors of 6590146332.
2, 3, 7, 11, 89, 127, 631
List the prime factors of 647426080.
2, 5, 7, 23, 41, 613
List the prime factors of 94500543.
3, 103, 521, 587
List the prime factors of 70111418.
2, 13, 2696593
What are the prime factors of 1825658128?
2, 7, 16300519
What are the prime factors of 946483498?
2, 29, 239, 68279
What are the prime factors of 14412702?
2, 3, 17, 141301
What are the prime factors of 1864896?
2, 3, 11, 883
List the prime factors of 3783855175.
5, 7207, 21001
What are the prime factors of 69813921?
3, 953, 24419
List the prime factors of 129317657.
7, 17, 1086703
List the prime factors of 142131568.
2, 1777, 4999
List the prime factors of 25350144.
2, 3, 2063
List the prime factors of 1850266570.
2, 5, 17, 53, 205357
List the prime factors of 51193870.
2, 5, 7, 13, 101, 557
What are the prime factors of 3465141165?
3, 5, 77003137
List the prime factors of 20999283.
3, 89, 78649
List the prime factors of 587654185.
5, 173, 679369
List the prime factors of 30174599.
7, 13, 331589
List the prime factors of 92798843.
92798843
List the prime factors of 293290248.
2, 3, 12220427
What are the prime factors of 7002563183?
7, 11, 19, 435131
What are the prime factors of 1743255264?
2, 3, 389, 46681
List the prime factors of 3686299926.
2, 3, 563, 1091267
What are the prime factors of 253689236?
2, 193, 373, 881
List the prime factors of 441298886.
2, 7, 17, 47, 39451
What are the prime factors of 239046546?
2, 3, 43, 926537
What are the prime factors of 90849796?
2, 229, 99181
List the prime factors of 215871534.
2, 3, 29, 137849
What are the prime factors of 77922926?
2, 71, 548753
What are the prime factors of 773661411?
3, 85962379
What are the prime factors of 199884734?
2, 7, 263, 54287
List the prime factors of 3650521116.
2, 3, 11, 191, 13163
List the prime factors of 5281774622.
2, 19, 229, 606961
List the prime factors of 81776242.
2, 59, 693019
List the prime factors of 122633620.
2, 5, 6131681
List the prime factors of 346966895.
5, 11, 587, 977
List the prime factors of 74537737.
271, 275047
What are the prime factors of 16320275?
5, 652811
What are the prime factors of 126997976?
2, 7, 19, 119359
List the prime factors of 24092401.
3389, 7109
List the prime factors of 33677450.
2, 5, 673549
List the prime factors of 418521433.
11, 38047403
List the prime factors of 27880651.
827, 33713
What are the prime factors of 951989?
613, 1553
What are the prime factors of 35088808?
2, 4386101
What are the prime factors of 3325168431?
3, 13, 17, 53, 31543
What are the prime factors of 78299394?
2, 3, 13049899
What are the prime factors of 285484614?
2, 3, 19, 2504251
List the prime factors of 506829153.
3, 47, 619, 5807
What are the prime factors of 2209524108?
2, 3, 11, 16738819
What are the prime factors of 61819604?
2, 7, 11, 200713
What are the prime factors of 67133742?
2, 3, 13, 860689
List the prime factors of 124558141.
124558141
List the prime factors of 22773113.
11, 2070283
List the prime factors of 369124428.
2, 3, 30760369
List the prime factors of 1293305118.
2, 3, 7, 4398997
What are the prime factors of 486820547?
486820547
List the prime factors of 337156746.
2, 3, 56192791
What are the prime factors of 352770895?
5, 23, 3067573
What are the prime factors of 2017983747?
3, 13, 51743173
What are the prime factors of 43155713?
2213, 19501
What are the prime factors of 204711604?
2, 131, 390671
List the prime factors of 20695623.
3, 13, 701, 757
List the prime factors of 769263929.
7, 37, 367, 8093
What are the prime factors of 21020083?
7, 79, 38011
What are the prime factors of 119040753?
3, 13, 41, 109, 683
List the prime factors of 3378734373.
3, 7, 1009, 159457
List the prime factors of 120391443.
3, 43, 113, 2753
What are the prime factors of 600209594?
2, 300104797
What are the prime factors of 6649072?
2, 415567
List the prime factors of 581233403.
581233403
List the prime factors of 3298162016.
2, 41, 53, 47431
List the prime factors of 108286355.
5, 47, 460793
What are the prime factors of 18216841?
769, 23689
What are the prime factors of 6738747861?
3, 17, 9277, 14243
List the prime factors of 6249572.
2, 7, 61, 3659
List the prime factors of 907580556.
2, 3, 2221, 11351
What are the prime factors of 37761201?
3, 37, 37799
List the prime factors of 2861471593.
43, 73, 151, 6037
What are the prime factors of 395757941?
23, 17206867
What are the prime factors of 2495903244?
2, 3, 207991937
List the prime factors of 155168357.
29, 5350633
List the prime factors of 8485445700.
2, 3, 5, 149, 63277
List the prime factors of 122665206.
2, 3, 47, 251, 1733
What are the prime factors of 614735778?
2, 3, 173, 449, 1319
What are the prime factors of 7544808?
2, 3, 104789
What are the prime factors of 406653354?
2, 3, 83, 272191
List the prime factors of 1353748664.
2, 349, 484867
List the prime factors of 33144228.
2, 3, 13, 43, 61
What are the prime factors of 99773448?
2, 3, 23, 180749
What are the prime factors of 410585652?
2, 3, 827, 4597
What are the prime factors of 249429499?
11, 101, 347, 647
List the prime factors of 802155932.
2, 89, 2253247
List the prime factors of 1382232.
2, 3, 57593
List the prime factors of 32108257.
17, 347, 5443
List the prime factors of 46171294.
2, 13, 1775819
What are the prime factors of 264170143?
264170143
What are the prime factors of 227344758?
2, 3, 37890793
List the prime factors of 4528737.
3, 41, 4091
What are the prime factors of 157145992?
2, 19643249
What are the prime factors of 1234991166?
2, 3, 205831861
What are the prime factors of 70183844?
2, 17545961
List the prime factors of 52578025.
5, 17, 193, 641
What are the prime factors of 829862551?
7, 118551793
List the prime factors of 106298147.
71, 73, 20509
List the prime factors of 237354527.
17, 443, 31517
What are the prime factors of 732922584?
2, 3, 31, 53, 18587
List the prime factors of 1931002434.
2, 3, 107277913
What are the prime factors of 166630602?
2, 3, 1787, 15541
What are the prime factors of 1651011525?
3, 5, 17, 143879
List the prime factors of 47594610.
2, 3, 5, 7, 31, 2437
List the prime factors of 25849526.
2, 12924763
What are the prime factors of 45424933?
29, 54013
What are the prime factors of 14106480?
2, 3, 5, 53, 1109
What are the prime factors of 185277738?
2, 3, 113, 273271
What are the prime factors of 1535924495?
5, 7, 499, 87943
List the prime factors of 619205265.
3, 5, 7, 1965731
What are the prime factors of 1538380256?
2, 7, 6867769
What are the prime factors of 413318243?
13, 67, 474533
What are the prime factors of 2422434576?
2, 3, 127, 173, 2297
List the prime factors of 154626857.
7, 11, 2008141
What are the prime factors of 2585958437?
41, 1109, 56873
What are the prime factors of 2228370367?
211, 105609